{"id":130,"date":"2017-05-30T19:47:26","date_gmt":"2017-05-30T19:47:26","guid":{"rendered":"http:\/\/bavdpol.nl\/?page_id=130"},"modified":"2017-05-31T21:38:28","modified_gmt":"2017-05-31T21:38:28","slug":"stedelijk-verbindingskanaal","status":"publish","type":"page","link":"https:\/\/bavdpol.nl\/?page_id=130","title":{"rendered":"STEDELIJK VERBINDINGSKANAAL"},"content":{"rendered":"<div id='gallery-1' class='gallery galleryid-130 gallery-columns-5 gallery-size-thumbnail'><figure class='gallery-item'>\n\t\t\t<div class='gallery-icon landscape'>\n\t\t\t\t<a href='https:\/\/bavdpol.nl\/wp-content\/uploads\/2017\/05\/rijenwoning.jpg'><img loading=\"lazy\" decoding=\"async\" width=\"150\" height=\"150\" src=\"https:\/\/bavdpol.nl\/wp-content\/uploads\/2017\/05\/rijenwoning-150x150.jpg\" class=\"attachment-thumbnail size-thumbnail\" alt=\"\" \/><\/a>\n\t\t\t<\/div><\/figure><figure class='gallery-item'>\n\t\t\t<div class='gallery-icon landscape'>\n\t\t\t\t<a href='https:\/\/bavdpol.nl\/wp-content\/uploads\/2017\/05\/doorsn-rijenwon.jpg'><img loading=\"lazy\" decoding=\"async\" width=\"150\" height=\"150\" src=\"https:\/\/bavdpol.nl\/wp-content\/uploads\/2017\/05\/doorsn-rijenwon-150x150.jpg\" class=\"attachment-thumbnail size-thumbnail\" alt=\"\" \/><\/a>\n\t\t\t<\/div><\/figure><figure class='gallery-item'>\n\t\t\t<div class='gallery-icon landscape'>\n\t\t\t\t<a href='https:\/\/bavdpol.nl\/wp-content\/uploads\/2017\/05\/schetsen.jpg'><img loading=\"lazy\" decoding=\"async\" width=\"150\" height=\"150\" src=\"https:\/\/bavdpol.nl\/wp-content\/uploads\/2017\/05\/schetsen-150x150.jpg\" class=\"attachment-thumbnail size-thumbnail\" alt=\"\" \/><\/a>\n\t\t\t<\/div><\/figure><figure class='gallery-item'>\n\t\t\t<div class='gallery-icon landscape'>\n\t\t\t\t<a href='https:\/\/bavdpol.nl\/wp-content\/uploads\/2017\/05\/BAvdPol1.jpg'><img loading=\"lazy\" decoding=\"async\" width=\"150\" height=\"150\" src=\"https:\/\/bavdpol.nl\/wp-content\/uploads\/2017\/05\/BAvdPol1-150x150.jpg\" class=\"attachment-thumbnail size-thumbnail\" alt=\"\" srcset=\"https:\/\/bavdpol.nl\/wp-content\/uploads\/2017\/05\/BAvdPol1-150x150.jpg 150w, https:\/\/bavdpol.nl\/wp-content\/uploads\/2017\/05\/BAvdPol1-300x300.jpg 300w, https:\/\/bavdpol.nl\/wp-content\/uploads\/2017\/05\/BAvdPol1-768x768.jpg 768w, https:\/\/bavdpol.nl\/wp-content\/uploads\/2017\/05\/BAvdPol1-1024x1024.jpg 1024w, https:\/\/bavdpol.nl\/wp-content\/uploads\/2017\/05\/BAvdPol1.jpg 1543w\" sizes=\"auto, (max-width: 150px) 100vw, 150px\" \/><\/a>\n\t\t\t<\/div><\/figure><figure class='gallery-item'>\n\t\t\t<div class='gallery-icon landscape'>\n\t\t\t\t<a href='https:\/\/bavdpol.nl\/wp-content\/uploads\/2017\/05\/doorsnede.jpg'><img loading=\"lazy\" decoding=\"async\" width=\"150\" height=\"150\" src=\"https:\/\/bavdpol.nl\/wp-content\/uploads\/2017\/05\/doorsnede-150x150.jpg\" class=\"attachment-thumbnail size-thumbnail\" alt=\"\" \/><\/a>\n\t\t\t<\/div><\/figure><figure class='gallery-item'>\n\t\t\t<div class='gallery-icon landscape'>\n\t\t\t\t<a href='https:\/\/bavdpol.nl\/wp-content\/uploads\/2017\/05\/concept-2.jpg'><img loading=\"lazy\" decoding=\"async\" width=\"150\" height=\"150\" src=\"https:\/\/bavdpol.nl\/wp-content\/uploads\/2017\/05\/concept-2-150x150.jpg\" class=\"attachment-thumbnail size-thumbnail\" alt=\"\" \/><\/a>\n\t\t\t<\/div><\/figure><figure class='gallery-item'>\n\t\t\t<div class='gallery-icon portrait'>\n\t\t\t\t<a href='https:\/\/bavdpol.nl\/wp-content\/uploads\/2017\/05\/plankaart.jpg'><img loading=\"lazy\" decoding=\"async\" width=\"150\" height=\"150\" src=\"https:\/\/bavdpol.nl\/wp-content\/uploads\/2017\/05\/plankaart-150x150.jpg\" class=\"attachment-thumbnail size-thumbnail\" alt=\"\" \/><\/a>\n\t\t\t<\/div><\/figure><figure class='gallery-item'>\n\t\t\t<div class='gallery-icon landscape'>\n\t\t\t\t<a href='https:\/\/bavdpol.nl\/wp-content\/uploads\/2017\/05\/detail-situatie.jpg'><img loading=\"lazy\" decoding=\"async\" width=\"150\" height=\"150\" src=\"https:\/\/bavdpol.nl\/wp-content\/uploads\/2017\/05\/detail-situatie-150x150.jpg\" class=\"attachment-thumbnail size-thumbnail\" alt=\"\" \/><\/a>\n\t\t\t<\/div><\/figure><figure class='gallery-item'>\n\t\t\t<div class='gallery-icon landscape'>\n\t\t\t\t<a href='https:\/\/bavdpol.nl\/wp-content\/uploads\/2017\/05\/sc9.png'><img loading=\"lazy\" decoding=\"async\" width=\"150\" height=\"150\" src=\"https:\/\/bavdpol.nl\/wp-content\/uploads\/2017\/05\/sc9-150x150.png\" class=\"attachment-thumbnail size-thumbnail\" alt=\"\" \/><\/a>\n\t\t\t<\/div><\/figure><figure class='gallery-item'>\n\t\t\t<div class='gallery-icon landscape'>\n\t\t\t\t<a href='https:\/\/bavdpol.nl\/wp-content\/uploads\/2017\/05\/shopA.jpg'><img loading=\"lazy\" decoding=\"async\" width=\"150\" height=\"150\" src=\"https:\/\/bavdpol.nl\/wp-content\/uploads\/2017\/05\/shopA-150x150.jpg\" class=\"attachment-thumbnail size-thumbnail\" alt=\"\" \/><\/a>\n\t\t\t<\/div><\/figure><figure class='gallery-item'>\n\t\t\t<div class='gallery-icon portrait'>\n\t\t\t\t<a href='https:\/\/bavdpol.nl\/wp-content\/uploads\/2017\/05\/lagen.jpg'><img loading=\"lazy\" decoding=\"async\" width=\"150\" height=\"150\" src=\"https:\/\/bavdpol.nl\/wp-content\/uploads\/2017\/05\/lagen-150x150.jpg\" class=\"attachment-thumbnail size-thumbnail\" alt=\"\" \/><\/a>\n\t\t\t<\/div><\/figure><figure class='gallery-item'>\n\t\t\t<div class='gallery-icon landscape'>\n\t\t\t\t<a href='https:\/\/bavdpol.nl\/wp-content\/uploads\/2017\/05\/appartement.jpg'><img loading=\"lazy\" decoding=\"async\" width=\"150\" height=\"150\" src=\"https:\/\/bavdpol.nl\/wp-content\/uploads\/2017\/05\/appartement-150x150.jpg\" class=\"attachment-thumbnail size-thumbnail\" alt=\"\" \/><\/a>\n\t\t\t<\/div><\/figure><figure class='gallery-item'>\n\t\t\t<div class='gallery-icon landscape'>\n\t\t\t\t<a href='https:\/\/bavdpol.nl\/wp-content\/uploads\/2017\/05\/doorsnede-app.jpg'><img loading=\"lazy\" decoding=\"async\" width=\"150\" height=\"150\" src=\"https:\/\/bavdpol.nl\/wp-content\/uploads\/2017\/05\/doorsnede-app-150x150.jpg\" class=\"attachment-thumbnail size-thumbnail\" alt=\"\" \/><\/a>\n\t\t\t<\/div><\/figure><figure class='gallery-item'>\n\t\t\t<div class='gallery-icon landscape'>\n\t\t\t\t<a href='https:\/\/bavdpol.nl\/wp-content\/uploads\/2017\/05\/maquette-2.jpg'><img loading=\"lazy\" decoding=\"async\" width=\"150\" height=\"150\" src=\"https:\/\/bavdpol.nl\/wp-content\/uploads\/2017\/05\/maquette-2-150x150.jpg\" class=\"attachment-thumbnail size-thumbnail\" alt=\"\" \/><\/a>\n\t\t\t<\/div><\/figure><figure class='gallery-item'>\n\t\t\t<div class='gallery-icon landscape'>\n\t\t\t\t<a href='https:\/\/bavdpol.nl\/wp-content\/uploads\/2017\/05\/shopB.jpg'><img loading=\"lazy\" decoding=\"async\" width=\"150\" height=\"150\" src=\"https:\/\/bavdpol.nl\/wp-content\/uploads\/2017\/05\/shopB-150x150.jpg\" class=\"attachment-thumbnail size-thumbnail\" alt=\"\" \/><\/a>\n\t\t\t<\/div><\/figure>\n\t\t<\/div>\n\n<p>Het kanaal als stedelijk verbindend element is een benodigd structurerend element door de stad om stadsdelen met elkaar te verbinden. Brussel is verdeeld in stadsdelen, geori\u00ebnteerd naar de eigen centrums, grenzen zijn te zien in vorm van grotere hoofdontsluitingswegen. E\u00e9n van deze structuren stroomt van het noorden tot het zuiden aan beide zijden van het kanaal. Doordat de industri\u00eble functies aan de kades gelegen verhuizen naar locaties buiten het stadscentrum, heeft het kanaal nu de potentie om te functioneren als een stekkerdoos. Een verbindend element van naastgelegen wijken in plaats van een (3-laagse) grens tussen beide.<\/p>\n<p>Waar dit fenomeen van transformatie het best te ervaren is, is aan de noordzijde van het stadscentrum. Waar de stad al in de jaren 60 en 70 van de vorige eeuw werd<br \/>\ngefragmenteerd door een groot ontwikkeling schandaal, zijn nu ook de industri\u00eble en<br \/>\nhavenactiviteiten vertrokken, wat een litteken in het stedelijk met zich mee draagt. Het laat nu een groot verlaten gebied achter met (gelukkig) haar industrieel erfgoed. Dit kan uitstekend als sfeer dienen voor alle verdere nieuwe ontwikkelingen. Het is nu al een plek waar men de kwaliteit van water kan ervaren door er vanaf straatniveau dichtbij te kunnen komen, maar het is nog geen onderdeel van het stedelijk leven. Het gebied is momenteel begrenst door brede ontsluitingswegen en hierdoor onbereikbaar vanuit de naastgelegen wijken \u201cQuartier Maritiem\u201d of \u201cEnclave de Saint Jean Molenbeek\u201d.<\/p>\n<p>Het ontwerp laat een nieuw verbindingselement van wonen, werken en functies zien. Ook bied het de gelegenheid voor activiteiten en interactie tussen diverse wijken. Daarbij is het een beginpunt voor verdere ontwikkelingen, gekeken naar het grote oud industri\u00eble gebied \u201dTour et Taxi\u201d. In het verbindende plan sluiten alle wegen, gekeken naar de bestaande morfologie en weefsel, aan en komen uit op een visueel plein begrensd door grotere formele appartementenblokken. Aan dit plein bevinden zich verscheidene functies, in de plint met een relatie met het water. Dit idee is versterkt door het verlagen van het gehele plein naar het waterniveau. Hierdoor is een rustig laag waterplein gecre\u00eberd afgezonderd van het drukke stadscentrum. Achter de eerste laag gebouwen zijn de stadsblokken gevuld met meer individuele rijenhuizen in collectieve straten voor rustig verkeer. Hier zullen de toekomstige bewoners zich geborgen voelen en hebben ze de mogelijkheid om de eigen identiteit uit te dragen. Parkeren is opgelost binnen de blokken onder de oppervlakte.<\/p>\n<p>Dit concept van activeren van de verlaten lijn door de stad en plaatsen te ontwerpen waar de stadsdelen worden verbonden, zal een grotere interactie tussen oost en west Brussel teweeg brengen. Deze interactie en activiteiten zullen zich voltrekken in de sfeer en aan de kades van het romantisch oud industri\u00eble Brussel.<\/p>\n<p>Dit atelier is bepaald rond het kanaal van Brussel, en de gelijknamige zone. De<br \/>\nhoofdvragen waren; hoe kan de wonende en producerende stad gezamenlijk<br \/>\nbestaan?, Hoe moeten de opeengestapelde en toekomstige initiatieven en<br \/>\nplannen worden geregisseerd? En hoe kan het fragiele stedelijke weefsel worden<br \/>\nopgewaardeerd, ten behoeve van een beter leefkwaliteit, diversiteit en comfort?<br \/>\nVanuit regionaal niveau moest de juiste schaal van interventie worden bepaald<br \/>\nen uitgewerkt. Gericht werd op de relatie tussen kleinschalige interventies en<br \/>\nstedelijke context tot aan architectonische typologie.<\/p>\n<p>Atelier: Canalzone Brussels<br \/>\nLeermeesters:\u00a0Mariet Schoenmakers &amp; Nathana\u00eblle Ba\u00ebs-Catillon<\/p>\n","protected":false},"excerpt":{"rendered":"<p>Het kanaal als stedelijk verbindend element is een benodigd structurerend element door de stad om stadsdelen met elkaar te verbinden. Brussel is verdeeld in stadsdelen, geori\u00ebnteerd naar de eigen centrums, grenzen zijn te zien in vorm van grotere hoofdontsluitingswegen. E\u00e9n van deze structuren stroomt van het noorden tot het zuiden aan beide zijden van het&hellip; <\/p>\n","protected":false},"author":1,"featured_media":133,"parent":0,"menu_order":0,"comment_status":"closed","ping_status":"closed","template":"","meta":{"footnotes":""},"class_list":["post-130","page","type-page","status-publish","has-post-thumbnail","hentry"],"_links":{"self":[{"href":"https:\/\/bavdpol.nl\/index.php?rest_route=\/wp\/v2\/pages\/130","targetHints":{"allow":["GET"]}}],"collection":[{"href":"https:\/\/bavdpol.nl\/index.php?rest_route=\/wp\/v2\/pages"}],"about":[{"href":"https:\/\/bavdpol.nl\/index.php?rest_route=\/wp\/v2\/types\/page"}],"author":[{"embeddable":true,"href":"https:\/\/bavdpol.nl\/index.php?rest_route=\/wp\/v2\/users\/1"}],"replies":[{"embeddable":true,"href":"https:\/\/bavdpol.nl\/index.php?rest_route=%2Fwp%2Fv2%2Fcomments&post=130"}],"version-history":[{"count":3,"href":"https:\/\/bavdpol.nl\/index.php?rest_route=\/wp\/v2\/pages\/130\/revisions"}],"predecessor-version":[{"id":263,"href":"https:\/\/bavdpol.nl\/index.php?rest_route=\/wp\/v2\/pages\/130\/revisions\/263"}],"wp:featuredmedia":[{"embeddable":true,"href":"https:\/\/bavdpol.nl\/index.php?rest_route=\/wp\/v2\/media\/133"}],"wp:attachment":[{"href":"https:\/\/bavdpol.nl\/index.php?rest_route=%2Fwp%2Fv2%2Fmedia&parent=130"}],"curies":[{"name":"wp","href":"https:\/\/api.w.org\/{rel}","templated":true}]}}